 13 - 18).
-3
Evaluate 178 + -165 + 17 + -4.
26
(-1 - (-7 - -6)) + (2 - -1)
3
Evaluate (-16 - -9) + 11 + (-29 + 8 - -1).
-16
What is the value of 9 - (-13 - -18) - -7?
11
14 + (-16 - (-13 - -23) - 3)
-15
Evaluate 6 + 0 - (-4 - (1 + -8 + 2)).
5
-13 - ((-11 - 5) + 6)
-3
Evaluate 2 + 6 + (22 - 41).
-11
What is (-59 - -9 - 0) + 17 + 2 + 4?
-27
What is the value of (-7 + -14 + 10 - -9) + -2?
-4
Evaluate (2 - 28) + (-145 - -153).
-18
Calculate 20 - (-1 - (19 + -8 - 22)).
10
What is 9 - (-7 + 8 + 13 + -7)?
2
0 + 22 - (252 + -214)
-16
Calculate (-7 - 21 - -6) + -1.
-23
Calculate 45 + -47 + 12 + -2 + 0 - 10.
-2
Evaluate 7 + (-14 - 2) - -2.
-7
-14 + (-10 - (-34 + -7))
17
What is 4 - (-12 + (-14 - (-68 - -17)))?
-21
What is 5 + 0 - (-46 + 64 + -25 + -2)?
14
48 + -42 + -5 + 0 + 2 + -7
-4
Calculate 112 + -136 - (3 + -6 - 2) - -2.
-17
Evaluate 4 + -1 + (-3 - (6 + 5)).
-11
Calculate -2 + 2 + 5 + (24 - 0) + -10.
19
-9 - -24 - 13 - 14
-12
-7 + (-2 - (-8 + -20))
19
What is the value of -10 + (-13 - -5 - -15) + 8 + 5?
10
What is -1 + 23 - (-10 - -40)?
-8
(4 - 30 - -43) + -22
-5
Evaluate -2 - -11 - (-12 - (26 + -65)).
-18
What is the value of -6 + (1 - -1) - (-488 - -475)?
9
What is -24 + 7 + 63 + -40?
6
Evaluate (-7 - -26) + -14 + -15 - (1 - 14).
3
Calculate 27 - (20 + 8 + -13 - 3).
15
Evaluate -5 - ((-2 + -8 - 26) + -3).
34
What is 8 - 0 - (2 - -15) - -16?
7
Evaluate (29 - 31) + -14 - (1 + 2).
-19
Calculate (-2 - 3 - (-5 + 1) - -9) + 9.
17
Evaluate 20 - (38 + (-14 - 4)).
0
1 - 4 - (32 - 51 - -23)
-7
Calculate (-4 - -1) + 52 + -57 + 13.
5
What is the value of (42 - (50 + -17)) + 24?
33
Evaluate -35 + (0 - 19) + 28.
-26
(-29 - 2) + -2 + 1 + (850 - 842)
-24
What is the value of -41 - (34 + -74) - -30?
29
Calculate -5 - (20 - 27) - 9.
-7
What is the value of 13 + 6 + -16 - 10?
-7
What is the value of -2 + 5 + 17 + (5 - 6 - 0)?
19
(41 - 14 - 8) + (2 - -1 - -3)
25
-1 + 27 - (34 + 38 + -64)
18
What is the value of 2 - (-21 + 33) - 21?
-31
Calculate (12 - (11 + -8)) + -5.
4
Evaluate -8 - -1 - (19 + -12 + -18).
4
What is the value of 17 + (-13 - -4) - (1 + -3)?
10
What is the value of 49 - 47 - (2 - -12) - -17?
5
What is 477 - 459 - (-1 + (-1 - 0))?
20
Evaluate -2 - (-3 + (3 - -9) - 8).
-3
What is 8 - ((-11 - -31) + 9)?
-21
Calculate -7 + 0 + 127 + -131 + 28.
17
Calculate -16 + 14 - (-3 - 0) - -13.
14
What is the value of 1 + 2 + (7 + -16 + 16 - 9)?
1
(25 - -2 - 15) + -5
7
(-49 - (-2 - 36)) + (-4 - 0)
-15
Calculate -20 + 28 - (6 + -5).
7
Evaluate -3 + 14 + -41 + (7 - 1).
-24
(-16 + 27 - 16) + -17 + 2 + 9
-11
What is 1 + (-9 + -2 - -9)?
-1
What is 6 - 2 - (-61 + 55) - -10?
20
-8 + 15 - (148 - 161)
20
What is (71 + -80 - (-4 - 1)) + 0 + -1?
-5
What is the value of -12 + 25 - (-5 + 3)?
15
Evaluate (-18 - -7) + -5 + 14.
-2
Calculate 1 + -12 + -3 + 10 + 12.
8
Calculate -9 - (-14 + 2 + 3) - -14.
14
Evaluate 9 + -9 + -9 - (-10 - 14 - -14).
1
Calculate (-2 - -18) + (-31 - (-39 + 34)).
-10
Calculate 4 - 2 - (-27 + -4 - -15).
18
2 - (-1 - (1 + -2 - 4))
-2
Calculate (7 - 9 - (1 + 1)) + -138 + 154.
12
Evaluate 6 - (-98 + 88 + (9 - -2)).
5
What is (84 + -84 - (1 + 0)) + 12?
11
What is the value of 5 + (-7 + -4 - -14) + 20?
28
Evaluate -1 + 15 + -10 + 4 - (-10 + 0).
18
Evaluate (-3 - 5) + -5 + 18 + -18.
-13
Evaluate (0 - (-4 - (-10 + -12))) + -21.
-39
What is -10 - (-25 + 17) - (-16 + 3)?
11
20 + (1 - 2 - 33)
-14
What is (36 - (7 + 34)) + 12?
7
Evaluate -11 + 13 + -13 + 8.
-3
Evaluate (-14 - 4) + (12 - 1) - 1.
-8
What is (10 - (2 + -5 + 5)) + -17?
-9
What is -9 + 0 + 2 - 2?
-9
What is the value of 3 + (0 - (-15 + (1 - -4))) + -6?
7
Calculate -4 + (65 - 82) + -1 + 10.
-12
What is (3 - (13 - 18)) + 17?
25
Evaluate -17 - (3 - (-17 - -24) - (3 + -1)).
-11
What is -33 + -19 + 20 + (10 - 10)?
-32
What is the value of -12 + 19 - 6 - (1 + 5 + -1)?
-4
What is the value of -37 - -47 - (0 + (28 - 4))?
-14
What is 30 - 0 - (-830 - -874)?
-14
Calculate -19 + (11 - (33 - 8)).
-33
Evaluate -6 + 1 + (209 - 204).
0
What is the value of (14 - 10) + 9 + -19 - (7 - 0)?
-13
What is 0 - (-6 + (-7 - -7) - -11)?
-5
What is 14 - (-15 - -32 - 15)?
12
Evaluate 7 + 0 + -9 + 2 - 14.
-14
Calculate (428 - 421) + 0 + 18.
25
-10 + -18 + 20 - -15
7
What is (319 + -295 - (14 + 1)) + -24?
-15
What is -34 + ((7 - 7) + -16 - -19)?
-31
What is the value of 9 + 9 + -22 - 16?
-20
What is -16 - (-12 + 0 - 7)?
3
12 - 15 - (-6 - -13)
-10
What is -36 - (-10 + -5) - -18?
-3
Calculate 0 - (-1 + -8) - (2 - (2 + -2)).
7
What is the value of 1 + 1 + -16 + 55 + -40?
1
Calculate -3 + 6 + (-78 - -71).
-4
What is -3 - (-8 + 2 - (-27 + 37))?
13
-6 + 2 + -14 + 5 + -3
-16
What is -12 + 16 - 6 - -13?
11
Evaluate 13 + (6 - 10) + 1.
10
What is the value of 55 + 35 + (-68 - 1)?
21
Calculate 0 - -1 - (-1 - (4 - (-5 + 15))).
-4
Calculate 13 + (67 - 78) - (0 - (1 + 0)).
3
What is -6 + 0 + -1 - (-48 - (-155 - -134))?
20
-33 - ((33 - 85) + 32)
-13
What is the value of 4 + (31 - 47) + -4 + (0 - -1)?
-15
Calculate -11 + 4 + (17 - (-7 - -11)).
6
Calculate -1 + 19 - (7 + 3 - 4).
12
Calculate -1 + -2 + 19 + (23 - (-55 - -70)).
24
What is 3 - (5 - -5 - 5 - (-2 - 6))?
-10
What is the value of 4 + (3 - (10 - 1)) + 0 + -3?
-5
Evaluate (-13 - 8) + 15 - -1.
-5
-3 + (-21 - -7) + 7 + 27
17
What is the value of (-8 - -2) + -262 + 249?
-19
Calculate -2 + (-3 - -15 - 1) - -7.
16
What is -1 + 32 + -14 - 13?
4
What is the value of (7 - (-2 + (5 - -1))) + (-6 - -6)?
3
What is 95 + -82 + (1 + -5 - -7)?
16
20 - 2 - 4 - 21
-7
5 - (-1 + -1 + 2 - -2)
3
What is -11 + 4 + -4 + 24?
13
(-12 - -1) + -6 + (-1 - -21)
3
What is the value of (496 - 502) + (-19 - 2)?
-27
What is the value of -15 + (10 - 9) + 13?
-1
Calculate -10 - (6 - ((-2 - 11) + 12)).
-17
(-10 - 10 - -24) + (0 - 8)
-4
What is the value of 4 + -16 + (12 - (6 + 0) - 0)?
-6
Calculate 20 + 0 - (15 - 7 - (-5 - -6)).
13
Evaluate 34 + (38 - (-5 - -57)).
20
Calculate (0 + -2 - 2) + 6 - -1.
3
What is the value of (1 - 13) + (-225 - -229) + (-5 - 2)?
-15
-19 - (-42 - (-8 + -14))
1
What is (18 - 21) + (6 + -6 - 15)?
-18
Calculate (-14 - -5) + 8 + -4 - -3.
-2
What is 14 - (32 - (6 - (3 - -7)))?
-22
What is -17 + 39 - (32 + -19)?
9
Evaluate 10 + (1 - 0) + -23.
-12
Calculate -6 - (34 + 27 + -31).
-36
Calculate 2 + 7 + (-2 + 19 - (272 - 219)).
-27
Evaluate -1 - -2 - (84 + -78).
-5
Calculate (-35 - -5 - (10 + -1)) + 12.
-27
What is 15 + -21 + (21 - (-15 - -14))?
16
Calculate (-3 - 41) + (37 + -2 - 22).
-31
56 - 3 - (-178 + 202)
29
19 + (-1 - (1 + -1)) - (1068 - 1067)
17
0 + (-9 - (10 - 7))
-12
9 + (5 - (-8 + (-4 - -17)))
9
Evaluate -28 - (42 + -26 + -15).
-29
What is 4 + (2 - 1) - (15 + (-2 - 1))?
-7
-37 + (-6 - 1) - -17
-27
Calculate -10 + (-12 - 6) - -15.
-13
What is the value of -11 + 20 + -11 + 9 + (1 - -2)?
10
Calculate (8 - (-8 + 15)) + (3 - (-3 - -8)).
-1
What is the value of 16 - (-3 - -1) - (96 - 100)?
22
What is the value of -28 - (-12 - 59) - 25?
18
What is the value of (28 - -2) + -39 - 4?
-13
11 - (0 + (-8 - (-10 + 6)))
15
19 + -45 + (3 - -4)
-19
Evaluate -4 + (-1 - 1) + 3 + (-55 - -65).
7
0 + 1 - (26 + -19 - (4 + 5))
3
Calculate -1 + 9 + (18 - 8 - 11).
7
Evaluate -6 + (6 - (-18 - -7)) - (-2 - 0).
13
(-10 - 7) + 18 + -7
-6
What is -4 + -9 + (2 - (-2 - -7) - 5)?
-21
Calculate 17 - ((34 - 21) + -9 + 0).
13
-14 - (-31 + 15 - -13)
-11
What is the value of (-13 - (2 + -46)) + -1 - -1?
31
Evaluate (-1297 - -1310) + (1 + 0 - 9).
5
Evaluate (-4 - 1 - -29) + (-7 - (-6 - -4)).
19
Evaluate -9 + (-8 - -26) + -16 + 0.
-7
What is the value of (7 + -2 - 2) + -16 + 6 + -5?
-12
Evaluate -29 + -9 - -39 - (15 + (1 - 0)).
-15
What is -9 + 10 + 1 - 4 - 5?
-7
48 + -6 + -18 + -3
21
Evaluate -28 + 16 + 0 + (12 - 1).
-1
Evaluate -27 - -23 - (-4 + 1 + 1 + 2).
-4
Calculate -8 + -2 + 3 + (20 - (-2 - -6)).
9
Evaluate 35 + -11 - -17 - 20.
21
Calculate (0 - -12) + 44 + -68 + -6.
-18
Calculate 0 + (6 - 6) - (-8 - 4).
12
What is (-1 - 1) + -22 + 0 + -801 + 823?
-2
What is the value of 20 + (9 - 41) + 20?
8
What is 16 + (12 - 9 - 35)?
-16
What is -3 + (-4 + (1 - 8) - -10)?
-4
What is 18 - 7 - 47 - -19?
-17
What is the value of 8 - 11 - (0 + -5 + (-2 - -10))?
-6
Evaluate (-1 - -4) + -8 + 65 + -50.
10
What is 6 + (7 - 7) + -7?
-1
What is the value of 11 + (-1 - (-1 - -37) - (6 + -9))?
-23
Evaluate -4 - (-2 - (-13 + 2 + -4 + 8)).
-9
Calculate 551